-- https://www.phpmyadmin.net/
--

START TRANSACTION;



--
-- Database: `ohjvxrtt_Uploader`
--

-- --------------------------------------------------------

--
-- Table structure for table `admin`
--

CREATE TABLE `admin` (
  `admin` bigint(40) NOT NULL
) ENGINE=InnoDB DEFAULT CHARSET=latin1 COLLATE=latin1_swedish_ci;

--
-- Dumping data for table `admin`
--

INSERT INTO `admin` (`admin`) VALUES
(1567503289);

-- --------------------------------------------------------

--
-- Table structure for table `admins`
--

CREATE TABLE `admins` (
  `idadmin` varchar(20) NOT NULL,
  `nameadmin` varchar(100) DEFAULT NULL
) ENGINE=InnoDB DEFAULT CHARSET=latin1 COLLATE=latin1_swedish_ci;

-- --------------------------------------------------------

--
-- Table structure for table `ads`
--

CREATE TABLE `ads` (
  `id` int(10) NOT NULL,
  `type` varchar(10) DEFAULT NULL,
  `file_id` varchar(300) DEFAULT NULL,
  `caption` text DEFAULT NULL
) ENGINE=InnoDB DEFAULT CHARSET=latin1 COLLATE=latin1_swedish_ci;

-- --------------------------------------------------------

--
-- Table structure for table `bot_ads`
--

CREATE TABLE `bot_ads` (
  `id` bigint(20) NOT NULL,
  `bot` enum('main','support') NOT NULL,
  `place` enum('after_start','before_link','after_download') NOT NULL,
  `is_enabled` tinyint(1) NOT NULL DEFAULT 1,
  `show_every` int(11) NOT NULL DEFAULT 1,
  `weight` int(11) NOT NULL DEFAULT 1,
  `text` text NOT NULL,
  `btn_text` varchar(64) DEFAULT NULL,
  `btn_url` varchar(255) DEFAULT NULL,
  `created_at` bigint(20) NOT NULL
) ENGINE=InnoDB DEFAULT CHARSET=utf8mb4 COLLATE=utf8mb4_general_ci;

--
-- Dumping data for table `bot_ads`
--

INSERT INTO `bot_ads` (`id`, `bot`, `place`, `is_enabled`, `show_every`, `weight`, `text`, `btn_text`, `btn_url`, `created_at`) VALUES
(1, 'main', 'before_link', 1, 1, 1, 'تسن', NULL, NULL, 1771011591);

-- --------------------------------------------------------

--
-- Table structure for table `bot_ad_counters`
--

CREATE TABLE `bot_ad_counters` (
  `bot` enum('main','support') NOT NULL,
  `place` enum('after_start','before_link','after_download') NOT NULL,
  `user_id` bigint(40) NOT NULL,
  `cnt` int(11) NOT NULL DEFAULT 0
) ENGINE=InnoDB DEFAULT CHARSET=utf8mb4 COLLATE=utf8mb4_general_ci;

-- --------------------------------------------------------

--
-- Table structure for table `channels`
--

CREATE TABLE `channels` (
  `idoruser` varchar(30) NOT NULL,
  `link` varchar(200) NOT NULL
) ENGINE=InnoDB DEFAULT CHARSET=latin1 COLLATE=latin1_swedish_ci;

--
-- Dumping data for table `channels`
--

INSERT INTO `channels` (`idoruser`, `link`) VALUES
('@Jetcrate', 'https://t.me/Jetcrate'),
('@Sexysubtitles', 'https://t.me/Sexysubtitles'),
('@xxnxxpron', 'https://t.me/xxnxxpron');

-- --------------------------------------------------------

--
-- Table structure for table `channels_support`
--

CREATE TABLE `channels_support` (
  `idoruser` varchar(30) NOT NULL,
  `link` varchar(200) NOT NULL
) ENGINE=InnoDB DEFAULT CHARSET=latin1 COLLATE=latin1_swedish_ci;

--
-- Dumping data for table `channels_support`
--

INSERT INTO `channels_support` (`idoruser`, `link`) VALUES
('@JetCrate', 'https://t.me/JetCrate'),
('@Sexysubtitles', 'https://t.me/Sexysubtitles'),
('@xxnxxpron', 'https://t.me/xxnxxpron');

-- --------------------------------------------------------

--
-- Table structure for table `dbremove`
--

CREATE TABLE `dbremove` (
  `id` bigint(50) NOT NULL,
  `message_id` bigint(200) NOT NULL,
  `time` bigint(200) NOT NULL
) ENGINE=InnoDB DEFAULT CHARSET=latin1 COLLATE=latin1_swedish_ci;

-- --------------------------------------------------------

--
-- Table structure for table `folders`
--

CREATE TABLE `folders` (
  `id` int(10) NOT NULL,
  `name` text DEFAULT NULL,
  `files` text DEFAULT NULL
) ENGINE=InnoDB DEFAULT CHARSET=latin1 COLLATE=latin1_swedish_ci;

-- --------------------------------------------------------

--
-- Table structure for table `main_admin_steps`
--

CREATE TABLE `main_admin_steps` (
  `user_id` bigint(40) NOT NULL,
  `step` varchar(50) NOT NULL DEFAULT 'none',
  `tmp` varchar(200) DEFAULT NULL
) ENGINE=InnoDB DEFAULT CHARSET=utf8mb4 COLLATE=utf8mb4_general_ci;

-- --------------------------------------------------------

--
-- Table structure for table `peyment`
--

CREATE TABLE `peyment` (
  `merichentzarin` varchar(300) DEFAULT NULL,
  `merichentziball` varchar(300) DEFAULT NULL,
  `sub1` text DEFAULT NULL,
  `sub2` text DEFAULT NULL,
  `sub3` text DEFAULT NULL,
  `sub4` text DEFAULT NULL,
  `sub5` text DEFAULT NULL,
  `sub6` text DEFAULT NULL,
  `matnpay` text DEFAULT NULL,
  `waypay` varchar(10) DEFAULT NULL,
  `id` int(10) NOT NULL
) ENGINE=InnoDB DEFAULT CHARSET=latin1 COLLATE=latin1_swedish_ci;

--
-- Dumping data for table `peyment`
--

INSERT INTO `peyment` (`merichentzarin`, `merichentziball`, `sub1`, `sub2`, `sub3`, `sub4`, `sub5`, `sub6`, `matnpay`, `waypay`, `id`) VALUES
('none', 'none', 'e1^on^10^100000', 'e2^on^20^200000', 'e3^on^30^300000', 'e4^on^40^50000^400000', 'e5^on^50^50000^500000', 'e6^off^60^600000', 'buy', 'zarin', 1);

-- --------------------------------------------------------

--
-- Table structure for table `reaction`
--

CREATE TABLE `reaction` (
  `checkreact` varchar(100) DEFAULT NULL,
  `channelreact` varchar(250) DEFAULT NULL,
  `reacttedad` int(11) DEFAULT NULL,
  `timefakereact` int(11) DEFAULT NULL
) ENGINE=InnoDB DEFAULT CHARSET=latin1 COLLATE=latin1_swedish_ci;

--
-- Dumping data for table `reaction`
--

INSERT INTO `reaction` (`checkreact`, `channelreact`, `reacttedad`, `timefakereact`) VALUES
('off', 'none', 1, 5),
('off', 'none', 1, 5),
('off', 'none', 1, 5),
('off', 'none', 1, 5);

-- --------------------------------------------------------

--
-- Table structure for table `seen`
--

CREATE TABLE `seen` (
  `checkseen` varchar(10) DEFAULT 'off',
  `channelseen` varchar(20) DEFAULT 'none',
  `adadseen` int(11) DEFAULT 0,
  `timefake` int(11) DEFAULT 10
) ENGINE=InnoDB DEFAULT CHARSET=latin1 COLLATE=latin1_swedish_ci;

--
-- Dumping data for table `seen`
--

INSERT INTO `seen` (`checkseen`, `channelseen`, `adadseen`, `timefake`) VALUES
('off', 'none', 10, 5),
('off', 'none', 10, 5),
('off', 'none', 10, 5),
('off', 'none', 10, 5);

-- --------------------------------------------------------

--
-- Table structure for table `settings`
--

CREATE TABLE `settings` (
  `botid` varchar(30) NOT NULL,
  `bot_mode` varchar(20) NOT NULL,
  `mtn_s_ch` tinytext NOT NULL,
  `chupl` varchar(200) NOT NULL,
  `forall` varchar(20) NOT NULL,
  `sendall` varchar(20) NOT NULL,
  `tedad` varchar(20) NOT NULL,
  `text` tinytext NOT NULL,
  `chat_id` varchar(20) NOT NULL,
  `msg_id2` varchar(20) NOT NULL,
  `is_all` varchar(20) NOT NULL,
  `time_del` varchar(20) NOT NULL,
  `msg_id` varchar(20) NOT NULL
) ENGINE=InnoDB DEFAULT CHARSET=latin1 COLLATE=latin1_swedish_ci;

--
-- Dumping data for table `settings`
--

INSERT INTO `settings` (`botid`, `bot_mode`, `mtn_s_ch`, `chupl`, `forall`, `sendall`, `tedad`, `text`, `chat_id`, `msg_id2`, `is_all`, `time_del`, `msg_id`) VALUES
('1862468577', 'on', 'JOIN\nchannel📣:@xxnxxpron', '-1001525579220', 'false', 'false', '0', 'none', 'none', 'none', 'no', '1', 'none');

-- --------------------------------------------------------

--
-- Table structure for table `support_admins`
--

CREATE TABLE `support_admins` (
  `user_id` bigint(40) NOT NULL
) ENGINE=InnoDB DEFAULT CHARSET=latin1 COLLATE=latin1_swedish_ci;

--
-- Dumping data for table `support_admins`
--

INSERT INTO `support_admins` (`user_id`) VALUES
(1567503289);

-- --------------------------------------------------------

--
-- Table structure for table `support_settings`
--

CREATE TABLE `support_settings` (
  `k` varchar(50) NOT NULL,
  `v` varchar(200) NOT NULL
) ENGINE=InnoDB DEFAULT CHARSET=latin1 COLLATE=latin1_swedish_ci;

--
-- Dumping data for table `support_settings`
--

INSERT INTO `support_settings` (`k`, `v`) VALUES
('delete_delay', '10');

-- --------------------------------------------------------

--
-- Table structure for table `support_starts`
--

CREATE TABLE `support_starts` (
  `id` bigint(20) NOT NULL,
  `user_id` bigint(40) NOT NULL,
  `public_key` varchar(64) DEFAULT NULL,
  `created_at` bigint(20) NOT NULL
) ENGINE=InnoDB DEFAULT CHARSET=latin1 COLLATE=latin1_swedish_ci;

--
-- Dumping data for table `support_starts`
--

INSERT INTO `support_starts` (`id`, `user_id`, `public_key`, `created_at`) VALUES
(1, 1567503289, 'e4fc5674c38461f25a332d6c6c1f2a81', 1770929835);

-- --------------------------------------------------------

--
-- Table structure for table `support_steps`
--

CREATE TABLE `support_steps` (
  `user_id` bigint(40) NOT NULL,
  `step` varchar(50) NOT NULL DEFAULT 'none',
  `tmp` varchar(200) DEFAULT NULL
) ENGINE=InnoDB DEFAULT CHARSET=latin1 COLLATE=latin1_swedish_ci;

--
-- Dumping data for table `support_steps`
--

INSERT INTO `support_steps` (`user_id`, `step`, `tmp`) VALUES
(1567503289, 'none', NULL);

-- --------------------------------------------------------

--
-- Table structure for table `support_users`
--

CREATE TABLE `support_users` (
  `user_id` bigint(40) NOT NULL,
  `first_name` varchar(100) DEFAULT NULL,
  `username` varchar(100) DEFAULT NULL,
  `started_at` bigint(20) NOT NULL,
  `last_seen` bigint(20) NOT NULL
) ENGINE=InnoDB DEFAULT CHARSET=utf8mb4 COLLATE=utf8mb4_general_ci;

--
-- Dumping data for table `support_users`
--

INSERT INTO `support_users` (`user_id`, `first_name`, `username`, `started_at`, `last_seen`) VALUES
(101533242, 'Daniyal', 'daniyalaeeni', 1771093954, 1771093967),
(127316497, 'F', 'fj_1349', 1770961520, 1771093381),
(128583335, 'omid', 'omid_khan0680', 1771188312, 1771188408),
(163746988, 'یحیی', '', 1770954809, 1770955032),
(168813457, 'Mahdi', '', 1771266606, 1771266636),
(243383716, '-ᎪᎷá†á’', 'Aumiiro', 1770950285, 1770950480),
(379178377, 'ð’Œð’‚ð’”ð’“ð’‚', 'Kasrash', 1770973986, 1770973986),
(649223925, 'A', 'Boy_fighter', 1771022805, 1771022852),
(680560150, 'ᴅɪᴀá´á´ɴᴅ', 'Mmadrezazr', 1770933507, 1770933519),
(719641630, 'Fatemes جون', '', 1771178135, 1771178135),
(833064746, 'علی', '', 1770963586, 1770964858),
(903973555, 'مسیح', '', 1771159543, 1771159705),
(948024731, 'حسین', '', 1770944644, 1770944655),
(993617497, 'رضا', 'tagth429', 1771348521, 1771348557),
(1054512127, 'عبدالرحمن', 'Abdo127500', 1771008567, 1771014726),
(1072257478, 'ⱮհÊժ', '', 1771087314, 1771087342),
(1188564602, 'Hossein', '', 1771324351, 1771324424),
(1216478238, 'محمد', '', 1771009611, 1771010003),
(1377771906, 'Ⓜï¸â¤ï¸Ⓜï¸', 'maryamfrz76', 1770963724, 1770963771),
(1469728488, 'Amir Hossien', '', 1770997992, 1770998005),
(1490596791, 'A b o l f a z l', 'Khalaji_9', 1771086481, 1771086509),
(1567503289, 'ð“ð“›ð“˜', 'Irancrete', 1770930509, 1771093263),
(1625191680, 'والدراما', '', 1771017119, 1771017625),
(1635609075, 'a.', 'Roshaaa74', 1771332870, 1771332896),
(1701312583, 'Arshia', 'Arshia_jon', 1771245470, 1771245577),
(1720179779, 'Khalil', '', 1771140282, 1771140336),
(1807554117, 'Haji', '', 1771009059, 1771009059),
(1910101737, 'Asln', 'Ar707717', 1771177000, 1771177118),
(1950907225, 'Amirhoseyn', 'ami436r', 1771023696, 1771023736),
(2112649872, '<ð“œ>', '', 1771188935, 1771188998),
(2139998378, 'Azmer', '', 1771013858, 1771013860),
(5034918620, 'M', '', 1770979815, 1770979854),
(5090765568, 'Milad', 'Miladice1386', 1771282331, 1771282372),
(5112181786, 'Ali', 'Aazimi666', 1771329544, 1771329583),
(5117128823, '.', '', 1771134113, 1771134155),
(5263695934, 'â¶â¹', 'Mojozzzg', 1771007111, 1771007231),
(5303119062, 'qq', 'asd19l', 1771167556, 1771284605),
(5430594431, 'hamid', '', 1771313661, 1771313714),
(5483779356, 'Zahra', 'Gkcykfdtjyydktkbohiw', 1771105626, 1771105694),
(5499557680, 'omid', '', 1771219404, 1771219425),
(5564063587, 'T', '', 1771324257, 1771324270),
(5597461094, '༺ðŸ’ï¸Ali2460GhðŸ’༻', '', 1771255303, 1771255326),
(5620120466, 'عڷے', '', 1771095044, 1771095307),
(5622008847, 'Mohammadali', '', 1771165387, 1771165411),
(5630864968, 'Mobina', '', 1771018946, 1771019050),
(5698043761, 'Elenor', 'Kd5m32', 1771014179, 1771085405),
(5703494040, 'امیر', 'Amirtaherii', 1770943823, 1770949476),
(5715233310, 'A', '', 1771142035, 1771142061),
(5796832209, 'm', 'mmmd7878', 1770968549, 1770968562),
(5812393810, 'wsedrf', '', 1770970446, 1770970446),
(5820531410, 'ممد', '', 1771339620, 1771339681),
(5824928932, 'Coeur brisé', '', 1771092316, 1771092370),
(5877907597, '.', '', 1770944040, 1770944085),
(5928469655, '.', 'Raha64_63', 1770941472, 1770941490),
(5948965121, 'HOSEYN', '', 1771154855, 1771154865),
(5966516272, 'می', '', 1771188694, 1771188881),
(5968100244, 'PARSA', '', 1771087794, 1771101542),
(5973832411, 'عباس', 'Abas35625', 1771069864, 1771069918),
(5996286387, 'ð“»ð“ªð“¶ð“²ð“·', '', 1771105976, 1771106097),
(6006612129, 'ادمین', 'nanoo_lorestan', 1771164429, 1771164433),
(6031330799, 'ALI', '', 1771259983, 1771259992),
(6042819008, 'mmad', 'mmad_feli', 1771323393, 1771323405),
(6098017625, '.', '', 1771279532, 1771279542),
(6099884606, 'Ehsan', 'Wkdbfb', 1771169400, 1771169828),
(6100567182, 'Sobhan', '', 1771054657, 1771054748),
(6102043758, 'Kiarash(:', 'Kiarash_1122', 1771106184, 1771106208),
(6117606057, 'S', 'SAIF_201Q', 1771065456, 1771065502),
(6144251653, 'ð™Žð™€ð™ð™„', 'Diyxan23', 1771255953, 1771256064),
(6184757099, 'marem.', 'miirilr', 1771275687, 1771275687),
(6200858876, 'امیر', '', 1771154094, 1771154123),
(6204417541, 'مهرشاد', '', 1771263352, 1771263844),
(6238238233, 'AMIR', 'Nima_hadizade', 1771007968, 1771008106),
(6244407728, '183676', 'Rezaaaa99', 1771025259, 1771025281),
(6278268985, 'Shayanss', 'shayanss_206', 1771349633, 1771349672),
(6278886583, '💰', '', 1771152629, 1771153013),
(6294534174, 'امیرحسین', 'Ghamsarim', 1770946487, 1770946588),
(6318211027, 'کمحمد', '', 1771160676, 1771160728),
(6324789372, '.z', '', 1771154650, 1771192698),
(6380819005, 'Shafiullah', 'shafiullah013', 1770942737, 1770943834),
(6430789717, 'HosseinðŸ¾', 'Hossein1117', 1771219899, 1771219916),
(6439308630, 'Vahed', '', 1771237946, 1771238173),
(6440747607, 'Mahdi', '', 1771227264, 1771227292),
(6454649774, 'hosein', '', 1771193108, 1771193137),
(6479088234, 'a.lam', '', 1770972768, 1770972789),
(6488666394, ':', '', 1771011031, 1771098332),
(6489353806, 'K_O_K_A_K_O_L_A', 'K_O_K_A_K_O_L_A_1', 1771163832, 1771163842),
(6510596437, 'Matin', '', 1771099332, 1771099490),
(6531495990, 'Mohammad', '', 1770972667, 1771194842),
(6652647937, 'arian', 'arianrasoulzadeh', 1771193265, 1771193303),
(6678596199, 'Mõhammad', '', 1770942195, 1770942216),
(6680327592, ',', 'Sdfgj12349', 1771019791, 1771019900),
(6703327561, 'Sina', 'this_mind_ii', 1771357644, 1771357686),
(6718605168, 'omid', '', 1771068914, 1771068933),
(6744375001, 'Dr.', '', 1771091519, 1771093314),
(6776764307, 'M', 'Mos4775', 1771142647, 1771142683),
(6783790691, 'پشتیبانی', '', 1770930553, 1771018676),
(6837018750, 'Mamad', '', 1771018655, 1771018692),
(6841177644, 'S', 'B_a_ra_n', 1770931663, 1770931698),
(6853326784, 'Umar', '', 1770950349, 1770950441),
(6857924051, 'Erfan', '', 1771238848, 1771238874),
(6873503032, 'ð“»ð“®ð”ƒð“ª', 'Mikkjhj', 1771272613, 1771272701),
(6875968306, 'ZANA', 'Zanagholami87', 1771078577, 1771078592),
(6910227851, 'ð“¶ð“ªð“±ð“²', 'dvar53', 1771260238, 1771260297),
(6912845227, '🇺🇸Elon Musk🇺🇸', 'Bia_PV_Elon', 1770948477, 1770948577),
(6935368009, 'علیرضا رضایی', '', 1770971749, 1770972111),
(6955241530, 'Hadi', 'Hadi_ek18', 1770966522, 1770966579),
(7004242219, 'Qaem', '', 1771157428, 1771157428),
(7005471971, '♡', '', 1771251939, 1771251957),
(7033528053, 'Sar', '', 1771020767, 1771020797),
(7034684006, 'cr7', 'Dsykjhehj', 1771170861, 1771170874),
(7071907183, '(sobhan)', '', 1771280062, 1771280107),
(7095424830, 'Ali', 'Alim_2623', 1770930933, 1771014980),
(7103769208, 'Mohamad', 'im_mamad_20', 1771329334, 1771329343),
(7105147667, '-ð“ð“·ð“²ð“¼', 'Sa_a_sp', 1771010341, 1771010392),
(7140357484, 'Moein 1380', '', 1771193189, 1771193244),
(7176624921, 'M', 'Artaa_10', 1770954055, 1770954168),
(7181981863, 'یاسین', '', 1771235528, 1771235545),
(7183932458, 'abas', 'gbtfguuj', 1771168638, 1771168671),
(7184422884, 'Sirvan', '', 1771241393, 1771241456),
(7205159487, 'mmmm', '', 1770994081, 1770994157),
(7206536237, 'یاسین', '', 1770938637, 1770938653),
(7221650947, 'Peiman', 'Peiman_10', 1771193711, 1771193854),
(7251766176, 'á—ᎷᎥá’ ᎷᎧá‚á—ᎷᎷá—Ꮄ', '', 1771332803, 1771332816),
(7276329917, 'Amir', '', 1770931488, 1770931749),
(7319010390, 'mehdi', 'mr_timr', 1771256466, 1771256466),
(7331361135, 'â¦â¦â¥â ˙', 'd_r_z_01', 1771277865, 1771277907),
(7332965363, '🖤Yasin 🖤', '', 1771162961, 1771162961),
(7357686248, '˓ ִֶָ ࣪ ᨳ', '', 1770972084, 1770972233),
(7391652488, 'محمد', '', 1770940939, 1770940957),
(7408478117, '~ð’œ ð“€ ð“‡ ð’¶ ð“‚ ð’¿ ð’¶ ð“‚ ð’¾ ):', 'akram_jami', 1771179550, 1771179571),
(7414727436, 'godnoor', 'aregh1384', 1771030370, 1771030378),
(7416254447, 'Adren', '', 1771184659, 1771185100),
(7428410860, 'MMA', 'Langdis', 1771229679, 1771229779),
(7444178040, 'امیرحسین', '', 1771042835, 1771042848),
(7452189657, 'امنه', 'Amaneh_11', 1771235898, 1771236039),
(7471163259, 'M', '', 1771250310, 1771250326),
(7478928644, 'Abolfazl', 'AB_CR_RS', 1771158789, 1771158807),
(7491070882, 'Yonis', 'Kingnoori420', 1771155593, 1771155625),
(7528407058, 'اشکان', '', 1771243276, 1771243290),
(7529176723, 'Narges', 'Narges1387mnp', 1771068418, 1771068462),
(7535823739, 'jam', '', 1770978105, 1770978133),
(7550997243, '۵۷۶۱۳', '', 1771049874, 1771049874),
(7552609046, 'آرش', '', 1771344024, 1771344236),
(7560486478, 'Armin', '', 1771230786, 1771231398),
(7569543719, 'BIT', '', 1770985180, 1770985215),
(7584453733, 'ð‘²ð‘°ð‘µð‘®', 'Kidiur', 1771339670, 1771339681),
(7604828919, 'مهرشاد', '', 1770943072, 1770943128),
(7613809401, 'ð€ðŒ/امیـــر', '', 1771162766, 1771162912),
(7616882061, 'Re', 'Ramona2500', 1771076132, 1771076132),
(7623972151, 'matin', 'Matin800000', 1771226654, 1771226654),
(7637908017, 'Ali', 'A6579V', 1770972668, 1770972739),
(7657238542, '.', '', 1771202465, 1771202484),
(7670992760, 'Abdulrahman', '', 1771118778, 1771118786),
(7689749027, '.', 's_h5_8', 1771116319, 1771116340),
(7739288552, 'نورزی', '', 1770977543, 1770977751),
(7766905667, 'Milad', '', 1771018872, 1771018917),
(7776932759, 'K', '', 1771128685, 1771128729),
(7791573024, 'مهدی', '', 1771173227, 1771173237),
(7816004683, 'ss', 'adamlashi3', 1770942074, 1770942476),
(7832220722, 'Reza', '', 1771022276, 1771022276),
(7851117812, 'ð“ð“²ð“°ð“±ð“½ð“¶ð“ªð“»ð“®', 'M2007n00', 1771244943, 1771244986),
(7861999640, 'Jelo', '', 1771084930, 1771084988),
(7868541877, 'mmd', '', 1771085755, 1771085828),
(7868917271, 'Code26729', '', 1770960248, 1770960248),
(7876590431, '.A.B.O.L.F.A.Z.L.', '', 1771245649, 1771245690),
(7894791317, 'Anas', '', 1771330545, 1771330610),
(7944232199, 'سجاد', '', 1771277929, 1771277986),
(7949573713, 'محمد', '', 1771092868, 1771093301),
(7951313196, 'Amirvgcv', '', 1771283643, 1771283771),
(7952329397, 'Salar', 'salar_7_8', 1771337809, 1771337840),
(7966783368, 'مرادی', '', 1771268816, 1771268864),
(7970128587, 'abolfazl', '', 1770950922, 1771340087),
(7974843713, 'Abolfazl', 'Abol_3655', 1771152932, 1771177639),
(7994869751, '~~🫀~~', '', 1771014888, 1771014907),
(7997573051, 'mahdi', '', 1770982438, 1770982564),
(8000483964, 'امیر حسین', '', 1771272856, 1771272885),
(8011080140, 'Basim', '', 1771196910, 1771196936),
(8038376142, 'Mani', '', 1771179408, 1771179498),
(8071607458, 'maryam', 'maryammky8643', 1771111396, 1771111435),
(8135784319, 'r', '', 1771085533, 1771085541),
(8141856274, 'محمد مهدی علیخانی', '', 1770993030, 1770993030),
(8145349304, 'اسدالله', '', 1771161013, 1771161013),
(8160581305, 'محمدی امین', '', 1770936588, 1770936661),
(8164110140, 'h.sm', '', 1770953649, 1770953708),
(8188900440, 'Feri', '', 1770940851, 1770940860),
(8207831841, '82519', '', 1771263042, 1771330119),
(8212778346, 'محمد حصاری', '', 1771357100, 1771357181),
(8224390855, 'madi', '', 1771234167, 1771234182),
(8226445269, 'متین خرمی', '', 1771156048, 1771156061),
(8229395015, 'Z......', '', 1771244387, 1771244561),
(8229659324, 'پرویز', '', 1771067382, 1771067453),
(8236249954, '.....', '', 1771264928, 1771264946),
(8247174547, '.', '', 1770985650, 1770986001),
(8253375155, 'MOHAMMADREZA', '', 1771157508, 1771157535),
(8256002834, 'J', '', 1770991996, 1770992522),
(8262433871, 'm', '', 1771013360, 1771013555),
(8269107475, 'Alireza', '', 1771092933, 1771092942),
(8279373099, '⚡Hafiz⚡', '', 1771004759, 1771005299),
(8287862312, 'Masom', '', 1770985310, 1770985521),
(8318087080, 'Alii', '', 1771143762, 1771143802),
(8323346992, 'Anahita', '', 1771327306, 1771327334),
(8333272016, 'Aliasghar', '', 1771082295, 1771082305),
(8347828528, 'Hossein', '', 1771027058, 1771027210),
(8348244031, 'gghh', '', 1771022753, 1771022802),
(8399994646, 'M', '', 1771221345, 1771221399),
(8414448471, 'ɱąɧɬąც', '', 1771276507, 1771276541),
(8429443130, 'Soo', '', 1770980075, 1770980122),
(8436560750, 'سلام', '', 1771107837, 1771107889),
(8460351832, 'ℳℴℯð’¾ð’¹', '', 1771254904, 1771254942),
(8466086863, 'A', '', 1770971234, 1770971283),
(8472230538, 'Erfan', '', 1771182084, 1771182114),
(8474614486, 'Jordoh', '', 1771204446, 1771204476),
(8488907177, '.', 'Alikarimian1385', 1770998076, 1770998226),
(8491042511, 'reza', '', 1770967614, 1770967614),
(8496429904, 'سعید', '', 1771276721, 1771276773),
(8504560207, '57781', '', 1771216854, 1771216866),
(8515583541, '@', '', 1771216163, 1771216202),
(8518571497, 'Amir', 'Sayd_Amir', 1771030053, 1771030102),
(8540561242, '.', 'shabani789', 1771232108, 1771232216),
(8548427365, 'سید نیما ذوالÙقاری', '', 1771153913, 1771153989),
(8553717064, 'Jalal', '', 1771272927, 1771274846),
(8554281390, 'Sssss', '', 1770941582, 1770944147),
(8587612094, 'Amir', 'amiresmaeli10', 1770964269, 1771238606),
(8588849406, 'رضا', '', 1771162668, 1771162725);

-- --------------------------------------------------------

--
-- Table structure for table `user`
--

CREATE TABLE `user` (
  `id` bigint(40) NOT NULL,
  `step` varchar(200) NOT NULL,
  `step2` varchar(200) NOT NULL,
  `step3` varchar(200) NOT NULL,
  `step4` varchar(200) NOT NULL,
  `step5` varchar(200) NOT NULL,
  `spam` varchar(20) NOT NULL
) ENGINE=InnoDB DEFAULT CHARSET=latin1 COLLATE=latin1_swedish_ci;

--
-- Dumping data for table `user`
--

INSERT INTO `user` (`id`, `step`, `step2`, `step3`, `step4`, `step5`, `spam`) VALUES
(91096942, 'none', 'none', 'none', 'none', 'none', '0'),
(101533242, 'none', 'none', 'none', 'none', 'none', '0'),
(127316497, 'none', 'none', 'none', 'none', 'none', '1770961755.8'),
(128583335, 'none', 'none', 'none', 'none', 'none', '0'),
(163746988, 'none', 'none', 'none', 'none', 'none', '1770955052.8'),
(168813457, 'none', 'none', 'none', 'none', 'none', '0'),
(201367710, 'none', 'none', 'none', 'none', 'none', '0'),
(243383716, 'none', 'none', 'none', 'none', 'none', '1770950541.8'),
(415101980, 'none', 'none', 'none', 'none', 'none', '0'),
(429776337, 'none', 'none', 'none', 'none', 'none', '0'),
(680560150, 'none', 'none', 'none', 'none', 'none', '1770933574.8'),
(747259434, 'none', 'none', 'none', 'none', 'none', '0'),
(833064746, 'none', 'none', 'none', 'none', 'none', '1770965295.8'),
(903973555, 'none', 'none', 'none', 'none', 'none', '0'),
(948024731, 'none', 'none', 'none', 'none', 'none', '1770944675.8'),
(993617497, 'none', 'none', 'none', 'none', 'none', '0'),
(1054512127, 'none', 'none', 'none', 'none', 'none', '1771008970.8'),
(1071604705, 'none', 'none', 'none', 'none', 'none', '0'),
(1112090782, 'none', 'none', 'none', 'none', 'none', '0'),
(1188564602, 'none', 'none', 'none', 'none', 'none', '0'),
(1216478238, 'none', 'none', 'none', 'none', 'none', '0'),
(1377771906, 'none', 'none', 'none', 'none', 'none', '1770964710.8'),
(1469728488, 'none', 'none', 'none', 'none', 'none', '0'),
(1567503289, 'none', 'none', 'none', 'none', 'none', '1771008602.8'),
(1586813909, 'none', 'none', 'none', 'none', 'none', '0'),
(1625191680, 'none', '10bf49d287aa53a143bf62e66c1e9bea64c4a3f5cd0ab0ae', 'none', 'none', 'none', '0'),
(1635609075, 'none', 'none', 'none', 'none', 'none', '0'),
(1701312583, 'none', 'none', 'none', 'none', 'none', '0'),
(1720179779, 'none', 'none', 'none', 'none', 'none', '0'),
(1851929274, 'none', 'none', 'none', 'none', 'none', '0'),
(1910101737, 'none', 'none', 'none', 'none', 'none', '0'),
(2023763090, 'none', 'none', 'none', 'none', 'none', '0'),
(2112649872, 'none', 'none', 'none', 'none', 'none', '0'),
(5002370089, 'none', 'none', 'none', 'none', 'none', '0'),
(5034918620, 'none', 'none', 'none', 'none', 'none', '1770979965.8'),
(5090765568, 'none', 'none', 'none', 'none', 'none', '0'),
(5112181786, 'none', 'none', 'none', 'none', 'none', '0'),
(5117128823, 'none', 'none', 'none', 'none', 'none', '0'),
(5263695934, 'none', 'none', 'none', 'none', 'none', '1771007436.8'),
(5303119062, 'none', 'none', 'none', 'none', 'none', '0'),
(5368136750, 'none', 'none', 'none', 'none', 'none', '0'),
(5387187017, 'none', 'none', 'none', 'none', 'none', '1770939836.8'),
(5430594431, 'none', 'none', 'none', 'none', 'none', '0'),
(5483779356, 'none', 'none', 'none', 'none', 'none', '0'),
(5499557680, 'none', 'none', 'none', 'none', 'none', '0'),
(5525268905, 'none', 'none', 'none', 'none', 'none', '0'),
(5564063587, 'none', 'none', 'none', 'none', 'none', '0'),
(5597461094, 'none', 'none', 'none', 'none', 'none', '0'),
(5620120466, 'none', 'none', 'none', 'none', 'none', '0'),
(5622008847, 'none', 'none', 'none', 'none', 'none', '0'),
(5681292123, 'none', 'none', 'none', 'none', 'none', '0'),
(5698043761, 'none', 'a022e7f26bd9ad337f6244114b6802a5d06360fcd396f570', 'none', 'none', 'none', '0'),
(5703494040, 'none', 'none', 'none', 'none', 'none', '1770949984.8'),
(5715233310, 'none', 'none', 'none', 'none', 'none', '0'),
(5796832209, 'none', 'none', 'none', 'none', 'none', '1770968660.8'),
(5820531410, 'none', 'none', 'none', 'none', 'none', '0'),
(5848006445, 'none', 'none', 'none', 'none', 'none', '0'),
(5849018041, 'none', 'none', 'none', 'none', 'none', '0'),
(5877907597, 'none', 'none', 'none', 'none', 'none', '1770944123.8'),
(5886847944, 'none', 'none', 'none', 'none', 'none', '0'),
(5900580281, 'none', 'none', 'none', 'none', 'none', '0'),
(5924941159, 'none', 'none', 'none', 'none', 'none', '1771002200.8'),
(5928469655, 'none', 'none', 'none', 'none', 'none', '0'),
(5938659668, 'none', 'none', 'none', 'none', 'none', '0'),
(5948965121, 'none', 'none', 'none', 'none', 'none', '0'),
(5963329303, 'none', 'none', 'none', 'none', 'none', '0'),
(5966516272, 'none', 'none', 'none', 'none', 'none', '0'),
(5968100244, 'none', 'none', 'none', 'none', 'none', '0'),
(5978583506, 'none', 'none', 'none', 'none', 'none', '1770983074.8'),
(5996286387, 'none', 'none', 'none', 'none', 'none', '0'),
(6006612129, 'none', 'none', 'none', 'none', 'none', '0'),
(6016872566, 'none', 'none', 'none', 'none', 'none', '0'),
(6031330799, 'none', 'none', 'none', 'none', 'none', '0'),
(6042819008, 'none', 'none', 'none', 'none', 'none', '0'),
(6098017625, 'none', 'none', 'none', 'none', 'none', '0'),
(6099884606, 'none', 'none', 'none', 'none', 'none', '0'),
(6102043758, 'none', 'none', 'none', 'none', 'none', '0'),
(6144251653, 'none', 'none', 'none', 'none', 'none', '0'),
(6200858876, 'none', 'none', 'none', 'none', 'none', '0'),
(6204417541, 'none', 'none', 'none', 'none', 'none', '0'),
(6238238233, 'none', 'none', 'none', 'none', 'none', '1771008144.8'),
(6278268985, 'none', 'none', 'none', 'none', 'none', '0'),
(6278886583, 'none', 'none', 'none', 'none', 'none', '0'),
(6288714950, 'none', 'none', 'none', 'none', 'none', '1770929008.8'),
(6294534174, 'none', 'none', 'none', 'none', 'none', '1770946592.8'),
(6307390430, 'none', 'none', 'none', 'none', 'none', '0'),
(6317466578, 'none', 'none', 'none', 'none', 'none', '0'),
(6318211027, 'none', 'none', 'none', 'none', 'none', '0'),
(6324789372, 'none', 'none', 'none', 'none', 'none', '0'),
(6363970236, 'none', 'none', 'none', 'none', 'none', '0'),
(6380819005, 'none', 'none', 'none', 'none', 'none', '1770943280.8'),
(6430789717, 'none', 'none', 'none', 'none', 'none', '0'),
(6439308630, 'none', 'none', 'none', 'none', 'none', '0'),
(6454649774, 'none', 'none', 'none', 'none', 'none', '0'),
(6456580804, 'none', 'none', 'none', 'none', 'none', '0'),
(6479088234, 'none', 'none', 'none', 'none', 'none', '0'),
(6488666394, 'none', 'none', 'none', 'none', 'none', '0'),
(6489353806, 'none', 'none', 'none', 'none', 'none', '0'),
(6510596437, 'none', 'none', 'none', 'none', 'none', '0'),
(6515046781, 'none', 'none', 'none', 'none', 'none', '1770979854.8'),
(6531495990, 'none', 'none', 'none', 'none', 'none', '0'),
(6599428962, 'none', 'none', 'none', 'none', 'none', '0'),
(6652647937, 'none', 'none', 'none', 'none', 'none', '0'),
(6703327561, 'none', 'none', 'none', 'none', 'none', '0'),
(6716490506, 'none', 'none', 'none', 'none', 'none', '1770946669.8'),
(6776764307, 'none', 'none', 'none', 'none', 'none', '0'),
(6783790691, 'none', '9a80e4f1da65b93e223331ded67a3fe4bbd7b3572d908416', 'none', 'none', 'none', '1770941244.8'),
(6817399401, 'none', 'none', 'none', 'none', 'none', '1770991156.8'),
(6841177644, 'none', 'none', 'none', 'none', 'none', '1770931747.8'),
(6853326784, 'none', 'none', 'none', 'none', 'none', '1770950513.8'),
(6857924051, 'none', 'none', 'none', 'none', 'none', '0'),
(6873503032, 'none', 'none', 'none', 'none', 'none', '0'),
(6910227851, 'none', 'none', 'none', 'none', 'none', '0'),
(6912845227, 'none', 'none', 'none', 'none', 'none', '1770948911.8'),
(6935368009, 'none', 'none', 'none', 'none', 'none', '1770974340.8'),
(6955241530, 'none', 'none', 'none', 'none', 'none', '1770966619.8'),
(6963563509, 'none', 'none', 'none', 'none', 'none', '1770952796.8'),
(6982260787, 'none', 'none', 'none', 'none', 'none', '1770930923.8'),
(7005471971, 'none', 'none', 'none', 'none', 'none', '0'),
(7014909155, 'none', 'none', 'none', 'none', 'none', '0'),
(7019386400, 'none', 'none', 'none', 'none', 'none', '0'),
(7034684006, 'none', 'none', 'none', 'none', 'none', '0'),
(7045284888, 'none', 'none', 'none', 'none', 'none', '1770926846.8'),
(7045817440, 'none', 'none', 'none', 'none', 'none', '0'),
(7071907183, 'none', 'none', 'none', 'none', 'none', '0'),
(7095424830, 'none', 'none', 'none', 'none', 'none', '0'),
(7103769208, 'none', 'none', 'none', 'none', 'none', '0'),
(7105147667, 'none', 'none', 'none', 'none', 'none', '0'),
(7140357484, 'none', 'none', 'none', 'none', 'none', '0'),
(7159171071, 'none', 'none', 'none', 'none', 'none', '0'),
(7176624921, 'none', 'none', 'none', 'none', 'none', '1770954317.8'),
(7181981863, 'none', 'none', 'none', 'none', 'none', '0'),
(7183932458, 'none', 'none', 'none', 'none', 'none', '0'),
(7184422884, 'none', 'none', 'none', 'none', 'none', '0'),
(7204737277, 'none', 'none', 'none', 'none', 'none', '0'),
(7205159487, 'none', 'none', 'none', 'none', 'none', '1770994289.8'),
(7206536237, 'none', 'none', 'none', 'none', 'none', '1770938692.8'),
(7220627213, 'none', 'none', 'none', 'none', 'none', '0'),
(7221650947, 'none', 'none', 'none', 'none', 'none', '0'),
(7226034740, 'none', 'none', 'none', 'none', 'none', '1770936244.8'),
(7243280368, 'none', 'none', 'none', 'none', 'none', '0'),
(7251766176, 'none', 'none', 'none', 'none', 'none', '0'),
(7269936718, 'none', 'none', 'none', 'none', 'none', '0'),
(7271114783, 'none', 'none', 'none', 'none', 'none', '1770983890.8'),
(7276329917, 'none', 'none', 'none', 'none', 'none', '1770931730.8'),
(7297733583, 'none', 'none', 'none', 'none', 'none', '1770934734.8'),
(7308501306, 'none', 'none', 'none', 'none', 'none', '1770976456.8'),
(7314740623, 'none', 'none', 'none', 'none', 'none', '1770998119.8'),
(7319010390, 'none', 'none', 'none', 'none', 'none', '0'),
(7331361135, 'none', 'none', 'none', 'none', 'none', '0'),
(7357686248, 'none', 'none', 'none', 'none', 'none', '1770972252.8'),
(7408478117, 'none', 'none', 'none', 'none', 'none', '0'),
(7428410860, 'none', 'none', 'none', 'none', 'none', '0'),
(7444178040, 'none', 'none', 'none', 'none', 'none', '0'),
(7451746301, 'none', 'none', 'none', 'none', 'none', '0'),
(7452189657, 'none', 'none', 'none', 'none', 'none', '0'),
(7478928644, 'none', 'none', 'none', 'none', 'none', '0'),
(7491070882, 'none', 'none', 'none', 'none', 'none', '0'),
(7492932073, 'none', 'none', 'none', 'none', 'none', '0'),
(7528407058, 'none', 'none', 'none', 'none', 'none', '0'),
(7535823739, 'none', 'none', 'none', 'none', 'none', '1770978168.8'),
(7550195369, 'none', 'none', 'none', 'none', 'none', '1770950732.8'),
(7552609046, 'none', 'none', 'none', 'none', 'none', '0'),
(7560486478, 'none', 'none', 'none', 'none', 'none', '0'),
(7569543719, 'none', 'none', 'none', 'none', 'none', '1770985246.8'),
(7584453733, 'none', 'none', 'none', 'none', 'none', '0'),
(7598222009, 'none', 'none', 'none', 'none', 'none', '0'),
(7604828919, 'none', 'none', 'none', 'none', 'none', '1770946083.8'),
(7613809401, 'none', 'none', 'none', 'none', 'none', '0'),
(7637908017, 'none', 'none', 'none', 'none', 'none', '1770972836.8'),
(7657238542, 'none', 'none', 'none', 'none', 'none', '0'),
(7670992760, 'none', 'none', 'none', 'none', 'none', '0'),
(7689749027, 'none', 'none', 'none', 'none', 'none', '0'),
(7694765813, 'none', 'none', 'none', 'none', 'none', '0'),
(7700170966, 'none', 'none', 'none', 'none', 'none', '1770934881.8'),
(7739288552, 'none', 'none', 'none', 'none', 'none', '1770977753.8'),
(7769487510, 'none', 'none', 'none', 'none', 'none', '0'),
(7771340779, 'none', 'none', 'none', 'none', 'none', '0'),
(7776932759, 'none', 'none', 'none', 'none', 'none', '0'),
(7791573024, 'none', 'none', 'none', 'none', 'none', '0'),
(7816004683, 'none', 'none', 'none', 'none', 'none', '1770943247.8'),
(7851117812, 'none', 'none', 'none', 'none', 'none', '0'),
(7868917271, 'none', 'none', 'none', 'none', 'none', '1770960291.8'),
(7876590431, 'none', 'none', 'none', 'none', 'none', '0'),
(7894791317, 'none', 'none', 'none', 'none', 'none', '0'),
(7944232199, 'none', 'none', 'none', 'none', 'none', '0'),
(7951275891, 'none', 'none', 'none', 'none', 'none', '0'),
(7951313196, 'none', 'none', 'none', 'none', 'none', '0'),
(7952329397, 'none', 'none', 'none', 'none', 'none', '0'),
(7962794989, 'none', 'none', 'none', 'none', 'none', '1770971858.8'),
(7963169757, 'none', 'none', 'none', 'none', 'none', '1770929869.8'),
(7964348656, 'none', 'none', 'none', 'none', 'none', '0'),
(7966783368, 'none', 'none', 'none', 'none', 'none', '0'),
(7970128587, 'none', 'none', 'none', 'none', 'none', '1770951075.8'),
(7974843713, 'none', 'none', 'none', 'none', 'none', '0'),
(7994869751, 'none', 'none', 'none', 'none', 'none', '0'),
(7997573051, 'none', 'none', 'none', 'none', 'none', '1770982842.8'),
(8000483964, 'none', 'none', 'none', 'none', 'none', '0'),
(8011080140, 'none', 'none', 'none', 'none', 'none', '0'),
(8015204024, 'none', 'none', 'none', 'none', 'none', '1770994434.8'),
(8038376142, 'none', 'none', 'none', 'none', 'none', '0'),
(8050630594, 'none', 'none', 'none', 'none', 'none', '0'),
(8071607458, 'none', 'none', 'none', 'none', 'none', '0'),
(8113472618, 'none', 'none', 'none', 'none', 'none', '0'),
(8114078381, 'none', 'none', 'none', 'none', 'none', '1770977305.8'),
(8145349304, 'none', 'none', 'none', 'none', 'none', '0'),
(8160581305, 'none', 'none', 'none', 'none', 'none', '1770936631.8'),
(8164110140, 'none', 'none', 'none', 'none', 'none', '1770953817.8'),
(8188900440, 'none', 'none', 'none', 'none', 'none', '1770940881.8'),
(8207831841, 'none', 'none', 'none', 'none', 'none', '0'),
(8217720017, 'none', 'none', 'none', 'none', 'none', '0'),
(8224390855, 'none', 'none', 'none', 'none', 'none', '0'),
(8226445269, 'none', 'none', 'none', 'none', 'none', '0'),
(8229395015, 'none', 'none', 'none', 'none', 'none', '0'),
(8236249954, 'none', 'none', 'none', 'none', 'none', '0'),
(8247174547, 'none', 'none', 'none', 'none', 'none', '1770986235.8'),
(8253375155, 'none', 'none', 'none', 'none', 'none', '0'),
(8256002834, 'none', 'none', 'none', 'none', 'none', '1770992297.8'),
(8279373099, 'none', 'none', 'none', 'none', 'none', '1771005331.8'),
(8287862312, 'none', 'none', 'none', 'none', 'none', '1770985523.8'),
(8301456110, 'none', 'none', 'none', 'none', 'none', '0'),
(8318087080, 'none', 'none', 'none', 'none', 'none', '0'),
(8319637312, 'none', 'none', 'none', 'none', 'none', '0'),
(8323346992, 'none', 'none', 'none', 'none', 'none', '0'),
(8325168877, 'none', 'none', 'none', 'none', 'none', '0'),
(8357076143, 'none', 'none', 'none', 'none', 'none', '1770937745.8'),
(8359219535, 'none', 'none', 'none', 'none', 'none', '0'),
(8399994646, 'none', 'none', 'none', 'none', 'none', '0'),
(8414448471, 'none', 'none', 'none', 'none', 'none', '0'),
(8424309754, 'none', 'none', 'none', 'none', 'none', '0'),
(8429443130, 'none', 'none', 'none', 'none', 'none', '1770980181.8'),
(8436560750, 'none', 'none', 'none', 'none', 'none', '0'),
(8448715732, 'none', 'none', 'none', 'none', 'none', '0'),
(8460351832, 'none', 'none', 'none', 'none', 'none', '0'),
(8466086863, 'none', 'none', 'none', 'none', 'none', '1770971254.8'),
(8467967241, 'none', 'none', 'none', 'none', 'none', '1770931857.8'),
(8472230538, 'none', 'none', 'none', 'none', 'none', '0'),
(8474614486, 'none', 'none', 'none', 'none', 'none', '0'),
(8488907177, 'none', 'none', 'none', 'none', 'none', '1770998340.8'),
(8491042511, 'none', 'none', 'none', 'none', 'none', '1770967718.8'),
(8496429904, 'none', 'none', 'none', 'none', 'none', '0'),
(8504560207, 'none', 'none', 'none', 'none', 'none', '0'),
(8515583541, 'none', 'none', 'none', 'none', 'none', '0'),
(8540561242, 'none', 'none', 'none', 'none', 'none', '0'),
(8548427365, 'none', 'none', 'none', 'none', 'none', '0'),
(8548923009, 'none', 'none', 'none', 'none', 'none', '0'),
(8553717064, 'none', 'none', 'none', 'none', 'none', '0'),
(8554281390, 'none', 'none', 'none', 'none', 'none', '1770944149.8'),
(8587612094, 'none', 'none', 'none', 'none', 'none', '1770964353.8'),
(8588849406, 'none', 'none', 'none', 'none', 'none', '0');

-- --------------------------------------------------------

--
-- Table structure for table `userfiles`
--

CREATE TABLE `userfiles` (
  `code` varchar(10) DEFAULT NULL,
  `id` int(20) DEFAULT NULL,
  `file_id` varchar(500) DEFAULT NULL,
  `caption` text DEFAULT NULL,
  `type` varchar(10) DEFAULT NULL
) ENGINE=InnoDB DEFAULT CHARSET=latin1 COLLATE=latin1_swedish_ci;

--
-- Indexes for dumped tables
--

--
-- Indexes for table `admin`
--
ALTER TABLE `admin`
  ADD PRIMARY KEY (`admin`);

--
-- Indexes for table `admins`
--
ALTER TABLE `admins`
  ADD PRIMARY KEY (`idadmin`);

--
-- Indexes for table `ads`
--
ALTER TABLE `ads`
  ADD PRIMARY KEY (`id`);

--
-- Indexes for table `bot_ads`
--
ALTER TABLE `bot_ads`
  ADD PRIMARY KEY (`id`);

--
-- Indexes for table `bot_ad_counters`
--
ALTER TABLE `bot_ad_counters`
  ADD PRIMARY KEY (`bot`,`place`,`user_id`);

--
-- Indexes for table `channels`
--
ALTER TABLE `channels`
  ADD PRIMARY KEY (`idoruser`);

--
-- Indexes for table `channels_support`
--
ALTER TABLE `channels_support`
  ADD PRIMARY KEY (`idoruser`);

--
-- Indexes for table `folders`
--
ALTER TABLE `folders`
  ADD PRIMARY KEY (`id`);

--
-- Indexes for table `main_admin_steps`
--
ALTER TABLE `main_admin_steps`
  ADD PRIMARY KEY (`user_id`);

--
-- Indexes for table `peyment`
--
ALTER TABLE `peyment`
  ADD PRIMARY KEY (`id`);

--
-- Indexes for table `settings`
--
ALTER TABLE `settings`
  ADD PRIMARY KEY (`botid`);

--
-- Indexes for table `support_admins`
--
ALTER TABLE `support_admins`
  ADD PRIMARY KEY (`user_id`);

--
-- Indexes for table `support_settings`
--
ALTER TABLE `support_settings`
  ADD PRIMARY KEY (`k`);

--
-- Indexes for table `support_starts`
--
ALTER TABLE `support_starts`
  ADD PRIMARY KEY (`id`),
  ADD KEY `idx_support_starts_user` (`user_id`),
  ADD KEY `idx_support_starts_time` (`created_at`);

--
-- Indexes for table `support_steps`
--
ALTER TABLE `support_steps`
  ADD PRIMARY KEY (`user_id`);

--
-- Indexes for table `support_users`
--
ALTER TABLE `support_users`
  ADD PRIMARY KEY (`user_id`);

--
-- Indexes for table `user`
--
ALTER TABLE `user`
  ADD PRIMARY KEY (`id`);

--
-- AUTO_INCREMENT for dumped tables
--

--
-- AUTO_INCREMENT for table `ads`
--
ALTER TABLE `ads`
  MODIFY `id` int(10) NOT NULL AUTO_INCREMENT;

--
-- AUTO_INCREMENT for table `bot_ads`
--
ALTER TABLE `bot_ads`
  MODIFY `id` bigint(20) NOT NULL AUTO_INCREMENT, AUTO_INCREMENT=2;

--
-- AUTO_INCREMENT for table `folders`
--
ALTER TABLE `folders`
  MODIFY `id` int(10) NOT NULL AUTO_INCREMENT;

--
-- AUTO_INCREMENT for table `peyment`
--
ALTER TABLE `peyment`
  MODIFY `id` int(10) NOT NULL AUTO_INCREMENT, AUTO_INCREMENT=2;

--
-- AUTO_INCREMENT for table `support_starts`
--
ALTER TABLE `support_starts`
  MODIFY `id` bigint(20) NOT NULL AUTO_INCREMENT, AUTO_INCREMENT=2;
COMMIT;

